{"version":"1.0","provider_name":"Weol Immobili\u00e8re","provider_url":"https:\/\/weol.lu\/pt-pt\/","author_name":"Tiago","author_url":"https:\/\/weol.lu\/pt-pt\/author\/tiagocorreia\/","title":"Pre\u00e7os e alugueres em Luxemburgo: Uma vis\u00e3o detalhada por comuna e bairro - Weol Immobili\u00e8re","type":"rich","width":600,"height":338,"html":"<blockquote class=\"wp-embedded-content\" data-secret=\"B7qSZNpdRO\"><a href=\"https:\/\/weol.lu\/pt-pt\/evolucao-preco-de-venda-alugueres-luxemburgo\/\">Pre\u00e7os e alugueres em Luxemburgo: Uma vis\u00e3o detalhada por comuna e bairro<\/a><\/blockquote><iframe sandbox=\"allow-scripts\" security=\"restricted\" src=\"https:\/\/weol.lu\/pt-pt\/evolucao-preco-de-venda-alugueres-luxemburgo\/embed\/#?secret=B7qSZNpdRO\" width=\"600\" height=\"338\" title=\"&#8220;Pre\u00e7os e alugueres em Luxemburgo: Uma vis\u00e3o detalhada por comuna e bairro&#8221; &#8212; Weol Immobili\u00e8re\" data-secret=\"B7qSZNpdRO\" frameborder=\"0\" marginwidth=\"0\" marginheight=\"0\" scrolling=\"no\" class=\"wp-embedded-content\"><\/iframe><script type=\"text\/javascript\">\n\/* <![CDATA[ *\/\n\/*! This file is auto-generated *\/\n!function(d,l){\"use strict\";l.querySelector&&d.addEventListener&&\"undefined\"!=typeof URL&&(d.wp=d.wp||{},d.wp.receiveEmbedMessage||(d.wp.receiveEmbedMessage=function(e){var t=e.data;if((t||t.secret||t.message||t.value)&&!\/[^a-zA-Z0-9]\/.test(t.secret)){for(var s,r,n,a=l.querySelectorAll('iframe[data-secret=\"'+t.secret+'\"]'),o=l.querySelectorAll('blockquote[data-secret=\"'+t.secret+'\"]'),c=new RegExp(\"^https?:$\",\"i\"),i=0;i<o.length;i++)o[i].style.display=\"none\";for(i=0;i<a.length;i++)s=a[i],e.source===s.contentWindow&&(s.removeAttribute(\"style\"),\"height\"===t.message?(1e3<(r=parseInt(t.value,10))?r=1e3:~~r<200&&(r=200),s.height=r):\"link\"===t.message&&(r=new URL(s.getAttribute(\"src\")),n=new URL(t.value),c.test(n.protocol))&&n.host===r.host&&l.activeElement===s&&(d.top.location.href=t.value))}},d.addEventListener(\"message\",d.wp.receiveEmbedMessage,!1),l.addEventListener(\"DOMContentLoaded\",function(){for(var e,t,s=l.querySelectorAll(\"iframe.wp-embedded-content\"),r=0;r<s.length;r++)(t=(e=s[r]).getAttribute(\"data-secret\"))||(t=Math.random().toString(36).substring(2,12),e.src+=\"#?secret=\"+t,e.setAttribute(\"data-secret\",t)),e.contentWindow.postMessage({message:\"ready\",secret:t},\"*\")},!1)))}(window,document);\n\/* ]]> *\/\n<\/script>\n","description":"[vc_row css=&#8221;.vc_custom_1707484069024{margin-bottom: 20px !important;}&#8221;][vc_column][vc_column_text css=&#8221;.vc_custom_1707484093334{margin-top: 20px !important;}&#8221;]Bem-vindo \u00e0 nossa p\u00e1gina dedicada a \u201cPre\u00e7os e Alugueres em Luxemburgo\u201d. Aqui, voc\u00ea encontrar\u00e1 informa\u00e7\u00f5es atualizadas e detalhadas sobre as tend\u00eancias dos pre\u00e7os de venda e dos alugueres em diferentes comunas e bairros do Luxemburgo. Seja voc\u00ea um futuro propriet\u00e1rio, investidor ou inquilino, estes gr\u00e1ficos fornecer\u00e3o insights valiosos para suas decis\u00f5es imobili\u00e1rias.[\/vc_column_text][\/vc_column][\/vc_row][vc_row css=&#8221;.vc_custom_1709032201764{padding-bottom: 40px !important;}&#8221;][vc_column width=&#8221;1\/3&#8243; css=&#8221;.vc_custom_1707481951130{margin-top: 0px ...","thumbnail_url":"https:\/\/weol.lu\/wp-content\/uploads\/2021\/05\/logo-weol-1.png","thumbnail_width":432,"thumbnail_height":270}

Weol Immobilière

Preços e alugueres em Luxemburgo: Uma visão detalhada por comuna e bairro - Weol Immobilière

<blockquote class="wp-embedded-content" data-secret="B7qSZNpdRO"><a href="https://weol.lu/pt-pt/evolucao-preco-de-venda-alugueres-luxemburgo/">Preços e alugueres em Luxemburgo: Uma visão detalhada por comuna e bairro</a></blockquote><iframe sandbox="allow-scripts" security="restricted" src="https://weol.lu/pt-pt/evolucao-preco-de-venda-alugueres-luxemburgo/embed/#?secret=B7qSZNpdRO" width="600" height="338" title="&#8220;Preços e alugueres em Luxemburgo: Uma visão detalhada por comuna e bairro&#8221; &#8212; Weol Immobilière" data-secret="B7qSZNpdRO" frameborder="0" marginwidth="0" marginheight="0" scrolling="no" class="wp-embedded-content"></iframe><script type="text/javascript">
/* <![CDATA[ */
/*! This file is auto-generated */
!function(d,l){"use strict";l.querySelector&&d.addEventListener&&"undefined"!=typeof URL&&(d.wp=d.wp||{},d.wp.receiveEmbedMessage||(d.wp.receiveEmbedMessage=function(e){var t=e.data;if((t||t.secret||t.message||t.value)&&!/[^a-zA-Z0-9]/.test(t.secret)){for(var s,r,n,a=l.querySelectorAll('iframe[data-secret="'+t.secret+'"]'),o=l.querySelectorAll('blockquote[data-secret="'+t.secret+'"]'),c=new RegExp("^https?:$","i"),i=0;i<o.length;i++)o[i].style.display="none";for(i=0;i<a.length;i++)s=a[i],e.source===s.contentWindow&&(s.removeAttribute("style"),"height"===t.message?(1e3<(r=parseInt(t.value,10))?r=1e3:~~r<200&&(r=200),s.height=r):"link"===t.message&&(r=new URL(s.getAttribute("src")),n=new URL(t.value),c.test(n.protocol))&&n.host===r.host&&l.activeElement===s&&(d.top.location.href=t.value))}},d.addEventListener("message",d.wp.receiveEmbedMessage,!1),l.addEventListener("DOMContentLoaded",function(){for(var e,t,s=l.querySelectorAll("iframe.wp-embedded-content"),r=0;r<s.length;r++)(t=(e=s[r]).getAttribute("data-secret"))||(t=Math.random().toString(36).substring(2,12),e.src+="#?secret="+t,e.setAttribute("data-secret",t)),e.contentWindow.postMessage({message:"ready",secret:t},"*")},!1)))}(window,document);
/* ]]> */
</script>

[vc_row css=&#8221;.vc_custom_1707484069024{margin-bottom: 20px !important;}&#8221;][vc_column][vc_column_text css=&#8221;.vc_custom_1707484093334{margin-top: 20px !important;}&#8221;]Bem-vindo à nossa página dedicada a “Preços e Alugueres em Luxemburgo”. Aqui, você encontrará informações atualizadas e detalhadas sobre as tendências dos preços de venda e dos alugueres em diferentes comunas e bairros do Luxemburgo. Seja você um futuro proprietário, investidor ou inquilino, estes gráficos fornecerão insights valiosos para suas decisões imobiliárias.[/vc_column_text][/vc_column][/vc_row][vc_row css=&#8221;.vc_custom_1709032201764{padding-bottom: 40px !important;}&#8221;][vc_column width=&#8221;1/3&#8243; css=&#8221;.vc_custom_1707481951130{margin-top: 0px ...
